er when 643 is divided by 47.
32
What is the remainder when 688 is divided by 69?
67
Calculate the remainder when 1076 is divided by 98.
96
Calculate the remainder when 3067 is divided by 83.
79
What is the remainder when 167 is divided by 76?
15
What is the remainder when 131 is divided by 24?
11
Calculate the remainder when 999 is divided by 40.
39
Calculate the remainder when 319 is divided by 46.
43
What is the remainder when 377 is divided by 165?
47
What is the remainder when 375 is divided by 112?
39
What is the remainder when 38 is divided by 20?
18
Calculate the remainder when 1268 is divided by 313.
16
What is the remainder when 6616 is divided by 53?
44
Calculate the remainder when 532 is divided by 108.
100
What is the remainder when 201 is divided by 16?
9
Calculate the remainder when 377 is divided by 98.
83
Calculate the remainder when 1919 is divided by 227.
103
What is the remainder when 753 is divided by 28?
25
Calculate the remainder when 540 is divided by 66.
12
What is the remainder when 338 is divided by 125?
88
What is the remainder when 319 is divided by 79?
3
What is the remainder when 32 is divided by 17?
15
What is the remainder when 662 is divided by 8?
6
Calculate the remainder when 250 is divided by 43.
35
Calculate the remainder when 217 is divided by 50.
17
Calculate the remainder when 2189 is divided by 541.
25
What is the remainder when 861 is divided by 527?
334
Calculate the remainder when 28 is divided by 4.
0
Calculate the remainder when 365 is divided by 75.
65
Calculate the remainder when 2312 is divided by 9.
8
Calculate the remainder when 1559 is divided by 60.
59
Calculate the remainder when 19 is divided by 16.
3
Calculate the remainder when 4313 is divided by 6.
5
Calculate the remainder when 33 is divided by 12.
9
Calculate the remainder when 2817 is divided by 703.
5
What is the remainder when 30 is divided by 18?
12
What is the remainder when 1596 is divided by 50?
46
What is the remainder when 458 is divided by 162?
134
What is the remainder when 38 is divided by 13?
12
What is the remainder when 162 is divided by 12?
6
Calculate the remainder when 59 is divided by 31.
28
What is the remainder when 190 is divided by 44?
14
What is the remainder when 1374 is divided by 125?
124
Calculate the remainder when 98 is divided by 10.
8
Calculate the remainder when 190 is divided by 25.
15
Calculate the remainder when 640 is divided by 71.
1
What is the remainder when 93 is divided by 16?
13
Calculate the remainder when 2107 is divided by 211.
208
Calculate the remainder when 181 is divided by 63.
55
Calculate the remainder when 3044 is divided by 87.
86
Calculate the remainder when 557 is divided by 28.
25
What is the remainder when 487 is divided by 13?
6
Calculate the remainder when 335 is divided by 13.
10
Calculate the remainder when 1331 is divided by 15.
11
What is the remainder when 744 is divided by 47?
39
Calculate the remainder when 140 is divided by 37.
29
Calculate the remainder when 848 is divided by 353.
142
Calculate the remainder when 294 is divided by 34.
22
What is the remainder when 1439 is divided by 37?
33
Calculate the remainder when 372 is divided by 38.
30
Calculate the remainder when 144 is divided by 132.
12
Calculate the remainder when 86 is divided by 31.
24
Calculate the remainder when 147 is divided by 19.
14
What is the remainder when 1308 is divided by 645?
18
What is the remainder when 370 is divided by 248?
122
What is the remainder when 354 is divided by 61?
49
Calculate the remainder when 463 is divided by 9.
4
What is the remainder when 1039 is divided by 210?
199
Calculate the remainder when 5372 is divided by 360.
332
What is the remainder when 28399 is divided by 400?
399
Calculate the remainder when 440 is divided by 49.
48
Calculate the remainder when 456 is divided by 110.
16
Calculate the remainder when 1119 is divided by 187.
184
What is the remainder when 104 is divided by 56?
48
Calculate the remainder when 63 is divided by 27.
9
What is the remainder when 225 is divided by 78?
69
What is the remainder when 480 is divided by 165?
150
Calculate the remainder when 796 is divided by 80.
76
Calculate the remainder when 83 is divided by 29.
25
What is the remainder when 10208 is divided by 39?
29
Calculate the remainder when 679 is divided by 99.
85
What is the remainder when 103 is divided by 40?
23
Calculate the remainder when 1973 is divided by 44.
37
Calculate the remainder when 271 is divided by 59.
35
What is the remainder when 2536 is divided by 47?
45
What is the remainder when 124 is divided by 51?
22
What is the remainder when 997 is divided by 11?
7
What is the remainder when 108 is divided by 28?
24
Calculate the remainder when 62 is divided by 34.
28
What is the remainder when 12117 is divided by 73?
72
Calculate the remainder when 198 is divided by 72.
54
What is the remainder when 749 is divided by 95?
84
Calculate the remainder when 195 is divided by 98.
97
Calculate the remainder when 69 is divided by 56.
13
Calculate the remainder when 4063 is divided by 339.
334
Calculate the remainder when 881 is divided by 881.
0
What is the remainder when 394 is divided by 212?
182
Calculate the remainder when 106 is divided by 49.
8
What is the remainder when 1009 is divided by 22?
19
What is the remainder when 75 is divided by 34?
7
What is the remainder when 35584 is divided by 18?
16
What is the remainder when 920 is divided by 33?
29
Calculate the remainder when 324 is divided by 70.
44
Calculate the remainder when 938 is divided by 47.
45
Calculate the remainder when 1677 is divided by 193.
133
What is the remainder when 1308 is divided by 13?
8
What is the remainder when 577 is divided by 57?
7
What is the remainder when 5344 is divided by 1779?
7
Calculate the remainder when 1101 is divided by 16.
13
Calculate the remainder when 285 is divided by 9.
6
What is the remainder when 546 is divided by 272?
2
Calculate the remainder when 604 is divided by 38.
34
Calculate the remainder when 176 is divided by 131.
45
What is the remainder when 101 is divided by 13?
10
Calculate the remainder when 187 is divided by 67.
53
What is the remainder when 2864 is divided by 15?
14
What is the remainder when 187 is divided by 59?
10
What is the remainder when 397 is divided by 78?
7
Calculate the remainder when 102 is divided by 33.
3
What is the remainder when 877 is divided by 60?
37
Calculate the remainder when 138 is divided by 131.
7
Calculate the remainder when 2854 is divided by 42.
40
What is the remainder when 3652 is divided by 87?
85
What is the remainder when 102 is divided by 66?
36
What is the remainder when 483 is divided by 28?
7
Calculate the remainder when 1619 is divided by 109.
93
What is the remainder when 69 is divided by 36?
33
What is the remainder when 246 is divided by 10?
6
Calculate the remainder when 1100 is divided by 78.
8
Calculate the remainder when 188 is divided by 61.
5
What is the remainder when 3591 is divided by 22?
5
What is the remainder when 1015 is divided by 93?
85
What is the remainder when 115 is divided by 20?
15
Calculate the remainder when 376 is divided by 11.
2
Calculate the remainder when 30 is divided by 30.
0
What is the remainder when 44 is divided by 35?
9
Calculate the remainder when 104 is divided by 49.
6
What is the remainder when 177 is divided by 63?
51
What is the remainder when 6967 is divided by 41?
38
Calculate the remainder when 645 is divided by 13.
8
What is the remainder when 188 is divided by 9?
8
Calculate the remainder when 1870 is divided by 26.
24
Calculate the remainder when 84 is divided by 51.
33
What is the remainder when 4100 is divided by 19?
15
Calculate the remainder when 42 is divided by 13.
3
What is the remainder when 54 is divided by 23?
8
What is the remainder when 110 is divided by 34?
8
Calculate the remainder when 296 is divided by 30.
26
What is the remainder when 13696 is divided by 24?
16
What is the remainder when 380 is divided by 133?
114
Calculate the remainder when 58 is divided by 19.
1
What is the remainder when 34 is divided by 23?
11
Calculate the remainder when 58 is divided by 6.
4
Calculate the remainder when 12430 is divided by 56.
54
What is the remainder